Convert -42825 (base 9) to base 16.
-6ed5
47a22 (base 11) to base 14
1b28b
What is 681 (base 11) in base 7?
2243
-141d (base 15) to base 2
-1000011001111
-2146 (base 11) to base 12
-1781
Convert 3110113 (base 4) to base 14.
4d4b
Convert -193a (base 12) to base 15.
-d9a
What is -33370 (base 8) in base 4?
-3123320
What is 2a6 (base 11) in base 2?
101100110
Convert 10628 (base 9) to base 13.
32b1
What is b85 (base 13) in base 16?
7b0
-132234 (base 5) to base 12
-30b3
Convert 22020 (base 5) to base 11.
1153
What is -14311 (base 5) in base 8?
-2266
-202211 (base 3) to base 11
-471
Convert 10100100111 (base 2) to base 3.
1210212
10fa (base 16) to base 14
1826
Convert 3192 (base 11) to base 2.
1000001110111
-347 (base 9) to base 3
-101121
Convert -104553 (base 6) to base 5.
-240403
What is -6a05 (base 13) in base 12?
-8739
Convert 2125 (base 6) to base 8.
745
What is 22401 (base 6) in base 12?
1a01
17823 (base 9) to base 15
39c3
160 (base 10) to base 2
10100000
Convert -12e (base 16) to base 15.
-152
What is 30011330 (base 4) in base 5?
3041112
-13730 (base 8) to base 10
-6104
What is -398 (base 12) in base 7?
-1412
297 (base 12) to base 5
3103
-473 (base 10) to base 14
-25b
Convert -10202121 (base 3) to base 16.
-ab7
Convert 25 (base 8) to base 4.
111
1122 (base 8) to base 9
730
Convert -934 (base 16) to base 8.
-4464
What is -222 (base 11) in base 3?
-100212
b0b (base 16) to base 4
230023
Convert -5463 (base 7) to base 4.
-132210
What is -43500 (base 6) in base 7?
-23346
-49ba (base 14) to base 4
-3021220
Convert -2586 (base 9) to base 2.
-11110010101
-116 (base 12) to base 3
-20000
What is -4e7 (base 15) in base 13?
-67c
What is -2553 (base 7) in base 16?
-3c9
-12237 (base 11) to base 9
-26108
What is -51280 (base 10) in base 2?
-1100100001010000
Convert -201a8 (base 13) to base 9.
-86700
2392 (base 13) to base 11
3854
-4167 (base 8) to base 14
-b0b
What is 3681 (base 13) in base 15?
2440
-4c4 (base 13) to base 3
-1010222
5235 (base 7) to base 3
2112010
Convert 1131 (base 13) to base 14.
c3c
1003242 (base 5) to base 8
37310
-1010111 (base 2) to base 13
-69
Convert -111100010010110 (base 2) to base 16.
-7896
-427 (base 10) to base 9
-524
What is -4849 (base 12) in base 3?
-102010210
755 (base 10) to base 4
23303
Convert -68414 (base 9) to base 15.
-d75a
Convert 530 (base 6) to base 9.
240
Convert 103011330 (base 4) to base 11.
53835
-675 (base 8) to base 9
-544
Convert -6248 (base 9) to base 4.
-1013210
What is -1bc5 (base 16) in base 4?
-1233011
What is -11204 (base 8) in base 12?
-28b0
Convert 6888 (base 11) to base 13.
4172
46c (base 15) to base 9
1333
Convert -1858 (base 9) to base 5.
-21210
-671 (base 12) to base 14
-4bb
Convert 4104 (base 7) to base 6.
10333
-11542 (base 10) to base 6
-125234
Convert -1302040 (base 5) to base 2.
-110001010110110
What is -5dd (base 14) in base 16?
-497
Convert 137a (base 11) to base 13.
a70
Convert 323 (base 16) to base 12.
56b
What is -4242 (base 5) in base 13?
-350
Convert -1437 (base 9) to base 2.
-10000111111
What is -52194 (base 10) in base 13?
-1a9ac
What is -354022 (base 7) in base 4?
-33211012
Convert 799 (base 12) to base 11.
933
1006 (base 12) to base 15
7a9
-20120 (base 4) to base 2
-1000011000
Convert 35004 (base 9) to base 14.
8708
Convert 31003231 (base 4) to base 14.
156c5
Convert -1dd (base 14) to base 7.
-1066
-1285 (base 14) to base 9
-4414
2675 (base 16) to base 11
7440
What is -9 (base 10) in base 5?
-14
What is -6720 (base 8) in base 13?
-17c0
Convert 12111221 (base 3) to base 2.
111110110101
Convert -41523 (base 6) to base 4.
-1113123
Convert -631 (base 12) to base 15.
-401
51da (base 14) to base 6
145152
What is 2311210 (base 4) in base 6?
125444
What is -31611 (base 7) in base 8?
-17250
Convert 22053 (base 7) to base 11.
4174
What is 12122 (base 7) in base 4?
301100
1022100 (base 3) to base 4
32322
What is 3041 (base 5) in base 8?
614
Convert 3735 (base 15) to base 10.
11750
Convert 18d (base 16) to base 8.
615
What is -13472 (base 11) in base 15?
-5a4c
Convert -110 (base 8) to base 14.
-52
What is 10110010 (base 2) in base 6?
454
Convert -20300132 (base 4) to base 3.
-1211012112
Convert -30024 (base 5) to base 8.
-3541
Convert -32010 (base 4) to base 8.
-1604
75070 (base 8) to base 10
31288
What is 546 (base 15) in base 9?
1563
What is 8b6 (base 14) in base 10?
1728
Convert 1321 (base 4) to base 7.
232
27c (base 16) to base 11
529
6c8 (base 13) to base 9
1548
What is -21001201 (base 3) in base 4?
-1100131
-10421 (base 6) to base 14
-75b
What is -b2b8 (base 16) in base 7?
-250250
What is -1000201 (base 3) in base 13?
-457
-b961 (base 15) to base 2
-1001100101001001
Convert -4172 (base 9) to base 5.
-44222
Convert -370 (base 13) to base 4.
-21112
Convert 36 (base 14) to base 16.
30
What is 3163 (base 13) in base 8?
15271
10233 (base 5) to base 4
22311
-3704 (base 9) to base 14
-1010
What is -354151 (base 6) in base 7?
-155422
a51 (base 12) to base 7
4243
What is 12311 (base 8) in base 6?
40345
2376 (base 8) to base 16
4fe
What is -55d6 (base 14) in base 13?
-6a13
What is 898 (base 11) in base 10?
1075
Convert 1135 (base 8) to base 3.
211102
Convert 21002112 (base 3) to base 14.
1c55
What is 2712 (base 11) in base 8?
6702
-e6 (base 15) to base 13
-138
17c (base 14) to base 13
1a7
-c5 (base 13) to base 3
-12222
What is 2353 (base 8) in base 11?
a45
220 (base 16) to base 7
1405
Convert 1b2 (base 14) to base 5.
2402
-33111 (base 8) to base 6
-144201
What is 20399 (base 10) in base 14?
7611
3573 (base 10) to base 6
24313
Convert 2403 (base 5) to base 16.
161
What is -121112 (base 3) in base 10?
-446
Convert -11001 (base 5) to base 16.
-2ef
Convert 7128 (base 9) to base 15.
1825
Convert b45 (base 16) to base 8.
5505
-1230 (base 7) to base 16
-1ce
What is 20033002 (base 4) in base 16?
83c2
-339a (base 16) to base 12
-778a
12444 (base 5) to base 15
469
Convert -2002112 (base 4) to base 12.
-49b2
What is -56 (base 12) in base 4?
-1002
What is 4042 (base 5) in base 14?
294
-114 (base 6) to base 3
-1201
Convert 821 (base 9) to base 16.
29b
Convert -252 (base 8) to base 4.
-2222
Convert -403140 (base 5) to base 14.
-49cc
1566a (base 16) to base 14
23d34
What is 661 (base 10) in base 3?
220111
What is 32202331 (base 4) in base 11?
40845
Convert -6e2 (base 16) to base 3.
-2102021
Convert 989 (base 14) to base 2.
11101011101
Convert -3ab (base 13) to base 11.
-53a
What is -11018 (base 9) in base 4?
-1302023
Convert 5235 (base 9) to base 15.
120e
Convert 211020 (base 3) to base 15.
2a0
What is 155 (base 13) in base 16?
ef
What is 1102 (base 14) in base 12?
1852
Convert -3421212 (base 5) to base 16.
-ed87
What is 51255 (base 7) in base 9?
18113
Convert -22233 (base 4) to base 11.
-575
3832 (base 9) to base 8
5460
What is 5052 (base 6) in base 4?
101120
-64347 (base 8) to base 6
-324155
Convert 20122 (base 3) to base 6.
455
Convert 405 (base 7) to base 13.
126
Convert -1015312 (base 6) to base 5.
-3033043
-122452 (base 6) to base 2
-10101011100000
Convert 10324 (base 5) to base 4.
23022
What is 10111100 (base 3) in base 16?
9f3
Convert -16879 (base 10) to base 15.
-5004
Convert 10114 (base 6) to base 14.
6bc
What is -1021010221 (base 3) in base 16?
-613c
What is -139 (base 15) in base 8?
-427
Convert 3530 (base 13) to base 15.
2335
-15035 (base 13) to base 7
-223265
What is 8619 (base 15) in base 5?
1401444
Convert -3421 (base 6) to base 8.
-1445
What is -1275 (base 9) in base 14?
-4c7
-380 (base 10) to base 13
-233
What is -3010 (base 7) in base 15?
-491
Convert 1132 (base 12) to base 8.
3566
-6182 (base 15) to base 2
-101000001110101
Convert 96a9 (base 12) to base 9.
24623
Convert -7c32 (base 15) to base 4.
-12130010
Convert 1211 (base 5) to base 11.
155
Convert 445 (base 12) to base 13.
395
Convert -54f (base 16) to base 2.
-10101001111
What is -1011100100 (base 2) in base 15?
-345
What is 10000110011 (base 2) in base 6?
4551
-9138 (base 14) to base 6
-311250
What is -1117 (base 10) in base 15?
-4e7
-23711 (base 10) to base 6
-301435
Convert 13244 (base 7) to base 16.
de8
-10c18 (base 13) to base 10
-30610
Convert -1000001010 (base 2) to base 4.
-20022
101111212 (base 3) to base 14
2b16
214 (base 10) to base 6
554
Convert 4817 (base 10) to base 8.
11321
What is 211 (base 6) in base 11?
72
What is 